{"id":548,"date":"2026-01-18T12:59:34","date_gmt":"2026-01-18T11:59:34","guid":{"rendered":"https:\/\/bribristore.com\/?page_id=548"},"modified":"2026-02-25T02:55:09","modified_gmt":"2026-02-25T01:55:09","slug":"a-propos","status":"publish","type":"page","link":"https:\/\/bribristore.com\/?page_id=548","title":{"rendered":"A propos"},"content":{"rendered":"\t\t<div data-elementor-type=\"wp-page\" data-elementor-id=\"548\" class=\"elementor elementor-548\">\n\t\t\t\t<div class=\"elementor-element elementor-element-576916f e-flex e-con-boxed e-con e-parent\" data-id=\"576916f\" data-element_type=\"container\" data-e-type=\"container\" data-settings=\"{&quot;background_background&quot;:&quot;classic&quot;}\">\n\t\t\t\t\t<div class=\"e-con-inner\">\n\t\t<div class=\"elementor-element elementor-element-9dbd73e e-con-full e-flex e-con e-child\" data-id=\"9dbd73e\" data-element_type=\"container\" data-e-type=\"container\">\n\t\t\t\t<div class=\"elementor-element elementor-element-b4ad8cf elementor-widget elementor-widget-heading\" data-id=\"b4ad8cf\" data-element_type=\"widget\" data-e-type=\"widget\" data-widget_type=\"heading.default\">\n\t\t\t\t<div class=\"elementor-widget-container\">\n\t\t\t\t\t<h1 class=\"elementor-heading-title elementor-size-default\">\u00e0 propos<\/h1>\t\t\t\t<\/div>\n\t\t\t\t<\/div>\n\t\t\t\t<\/div>\n\t\t\t\t\t<\/div>\n\t\t\t\t<\/div>\n\t\t<div class=\"elementor-element elementor-element-5898f86 e-flex e-con-boxed e-con e-parent\" data-id=\"5898f86\" data-element_type=\"container\" data-e-type=\"container\">\n\t\t\t\t\t<div class=\"e-con-inner\">\n\t\t<div class=\"elementor-element elementor-element-a471c7a e-con-full e-flex e-con e-child\" data-id=\"a471c7a\" data-element_type=\"container\" data-e-type=\"container\">\n\t\t\t\t<div class=\"elementor-element elementor-element-602b490 elementor-widget elementor-widget-heading\" data-id=\"602b490\" data-element_type=\"widget\" data-e-type=\"widget\" data-widget_type=\"heading.default\">\n\t\t\t\t<div class=\"elementor-widget-container\">\n\t\t\t\t\t<h2 class=\"elementor-heading-title elementor-size-default\">BRIBRI \u2013 Entre tradition et cr\u00e9ation<\/h2>\t\t\t\t<\/div>\n\t\t\t\t<\/div>\n\t\t\t\t<\/div>\n\t\t<div class=\"elementor-element elementor-element-3f51f8d e-con-full e-flex e-con e-child\" data-id=\"3f51f8d\" data-element_type=\"container\" data-e-type=\"container\">\n\t\t\t\t<div class=\"elementor-element elementor-element-310a9d8 elementor-widget elementor-widget-heading\" data-id=\"310a9d8\" data-element_type=\"widget\" data-e-type=\"widget\" data-widget_type=\"heading.default\">\n\t\t\t\t<div class=\"elementor-widget-container\">\n\t\t\t\t\t<h6 class=\"elementor-heading-title elementor-size-default\">Notre Histoire<\/h6>\t\t\t\t<\/div>\n\t\t\t\t<\/div>\n\t\t\t\t<div class=\"elementor-element elementor-element-44bc7b6 elementor-widget elementor-widget-hfe-infocard\" data-id=\"44bc7b6\" data-element_type=\"widget\" data-e-type=\"widget\" data-widget_type=\"hfe-infocard.default\">\n\t\t\t\t<div class=\"elementor-widget-container\">\n\t\t\t\t\t\n\t\t<div class=\"hfe-infocard\">\n\t\t\t\t\t\t\t\t\t<div class=\"hfe-infocard-title-wrap\">\n\t\t\t\t<h5 class=\"hfe-infocard-title elementor-inline-editing\" data-elementor-setting-key=\"infocard_title\" data-elementor-inline-editing-toolbar=\"basic\" >Nos d\u00e9buts ont \u00e9t\u00e9 marqu\u00e9s par une vision simple mais forte<\/h5>\t\t\t<\/div>\n\t\t\t\t\t\t<div class=\"hfe-infocard-text-wrap\">\n\t\t\t\t<div class=\"hfe-infocard-text elementor-inline-editing\" data-elementor-setting-key=\"infocard_description\" data-elementor-inline-editing-toolbar=\"advanced\">\n\t\t\t\t\tBRIBRI est une marque tunisienne fond\u00e9e en 2015, dont l'objectif est de pr\u00e9server le patrimoine culturel amazigh et africain \u00e0 travers le d\u00e9veloppement et la production de cr\u00e9ations inspir\u00e9es de l'artisanat traditionnel.\n\nChez BRIBRI, nous travaillons selon une approche sociale et collaborative, en partenariat avec des artisanes sp\u00e9cialis\u00e9es dans le tissage, la couture et la broderie \u00e0 la main et \u00e0 la machine. Nous collaborons \u00e9galement \u00e9troitement avec des artisans des secteurs du textile et du sedou.\n\nNous ne poss\u00e9dons pas d'usine, mais disposons d'un petit atelier o\u00f9 nous donnons vie \u00e0 nos r\u00eaves et \u00e0 nos id\u00e9es. De l\u00e0, nous transmettons notre passion pour aider d'autres personnes dans divers domaines, en nous effor\u00e7ant de pr\u00e9server l'artisanat tunisien li\u00e9 \u00e0 la couture, au design et au tricot, et d'assurer sa p\u00e9rennit\u00e9 sous une forme contemporaine.\t\t\t\t<\/div>\n\t\t\t\t\t\t\t<\/div>\n\t\t<\/div>\n\n\t\t\t\t\t\t<\/div>\n\t\t\t\t<\/div>\n\t\t\t\t<\/div>\n\t\t\t\t\t<\/div>\n\t\t\t\t<\/div>\n\t\t<div class=\"elementor-element elementor-element-2f1be4e e-flex e-con-boxed e-con e-parent\" data-id=\"2f1be4e\" data-element_type=\"container\" data-e-type=\"container\" data-settings=\"{&quot;background_background&quot;:&quot;classic&quot;}\">\n\t\t\t\t\t<div class=\"e-con-inner\">\n\t\t<div class=\"elementor-element elementor-element-98d7d19 e-con-full e-flex e-con e-child\" data-id=\"98d7d19\" data-element_type=\"container\" data-e-type=\"container\">\n\t\t\t\t<div class=\"elementor-element elementor-element-0cbc977 elementor-widget elementor-widget-heading\" data-id=\"0cbc977\" data-element_type=\"widget\" data-e-type=\"widget\" data-widget_type=\"heading.default\">\n\t\t\t\t<div class=\"elementor-widget-container\">\n\t\t\t\t\t<h6 class=\"elementor-heading-title elementor-size-default\">BriBri<\/h6>\t\t\t\t<\/div>\n\t\t\t\t<\/div>\n\t\t\t\t<div class=\"elementor-element elementor-element-2915af7 elementor-widget elementor-widget-image-box\" data-id=\"2915af7\" data-element_type=\"widget\" data-e-type=\"widget\" data-widget_type=\"image-box.default\">\n\t\t\t\t<div class=\"elementor-widget-container\">\n\t\t\t\t\t<div class=\"elementor-image-box-wrapper\"><div class=\"elementor-image-box-content\"><h2 class=\"elementor-image-box-title\">Authentique &amp; artisanal<\/h2><p class=\"elementor-image-box-description\">Explorez l\u2019univers BRIBRI \u00e0 travers une s\u00e9lection de cr\u00e9ations uniques, o\u00f9 l\u2019h\u00e9ritage culturel rencontre l\u2019esth\u00e9tique moderne pour donner naissance \u00e0 des pi\u00e8ces intemporelles.<\/p><\/div><\/div>\t\t\t\t<\/div>\n\t\t\t\t<\/div>\n\t\t\t\t<div class=\"elementor-element elementor-element-d75bf1e elementor-widget elementor-widget-button\" data-id=\"d75bf1e\" data-element_type=\"widget\" data-e-type=\"widget\" data-widget_type=\"button.default\">\n\t\t\t\t<div class=\"elementor-widget-container\">\n\t\t\t\t\t\t\t\t\t<div class=\"elementor-button-wrapper\">\n\t\t\t\t\t<a class=\"elementor-button elementor-button-link elementor-size-sm\" href=\"https:\/\/bribristore.com\/?post_type=product\">\n\t\t\t\t\t\t<span class=\"elementor-button-content-wrapper\">\n\t\t\t\t\t\t\t\t\t<span class=\"elementor-button-text\">Boutique<\/span>\n\t\t\t\t\t<\/span>\n\t\t\t\t\t<\/a>\n\t\t\t\t<\/div>\n\t\t\t\t\t\t\t\t<\/div>\n\t\t\t\t<\/div>\n\t\t\t\t<\/div>\n\t\t\t\t\t<\/div>\n\t\t\t\t<\/div>\n\t\t\t\t<\/div>\n\t\t","protected":false},"excerpt":{"rendered":"<p>\u00e0 propos BRIBRI \u2013 Entre tradition et cr\u00e9ation Notre Histoire Nos d\u00e9buts ont \u00e9t\u00e9 marqu\u00e9s par une vision simple mais [&hellip;]<\/p>\n","protected":false},"author":1,"featured_media":0,"parent":0,"menu_order":3,"comment_status":"closed","ping_status":"closed","template":"","meta":{"site-sidebar-layout":"no-sidebar","site-content-layout":"","ast-site-content-layout":"full-width-container","site-content-style":"default","site-sidebar-style":"default","ast-global-header-display":"","ast-banner-title-visibility":"","ast-main-header-display":"","ast-hfb-above-header-display":"","ast-hfb-below-header-display":"","ast-hfb-mobile-header-display":"","site-post-title":"disabled","ast-breadcrumbs-content":"","ast-featured-img":"disabled","footer-sml-layout":"","ast-disable-related-posts":"","theme-transparent-header-meta":"enabled","adv-header-id-meta":"","stick-header-meta":"","header-above-stick-meta":"","header-main-stick-meta":"","header-below-stick-meta":"","astra-migrate-meta-layouts":"default","ast-page-background-enabled":"default","ast-page-background-meta":{"desktop":{"background-color":"var(--ast-global-color-4)","background-image":"","background-repeat":"repeat","background-position":"center center","background-size":"auto","background-attachment":"scroll","background-type":"","background-media":"","overlay-type":"","overlay-color":"","overlay-opacity":"","overlay-gradient":""},"tablet":{"background-color":"","background-image":"","background-repeat":"repeat","background-position":"center center","background-size":"auto","background-attachment":"scroll","background-type":"","background-media":"","overlay-type":"","overlay-color":"","overlay-opacity":"","overlay-gradient":""},"mobile":{"background-color":"","background-image":"","background-repeat":"repeat","background-position":"center center","background-size":"auto","background-attachment":"scroll","background-type":"","background-media":"","overlay-type":"","overlay-color":"","overlay-opacity":"","overlay-gradient":""}},"ast-content-background-meta":{"desktop":{"background-color":"var(--ast-global-color-5)","background-image":"","background-repeat":"repeat","background-position":"center center","background-size":"auto","background-attachment":"scroll","background-type":"","background-media":"","overlay-type":"","overlay-color":"","overlay-opacity":"","overlay-gradient":""},"tablet":{"background-color":"var(--ast-global-color-5)","background-image":"","background-repeat":"repeat","background-position":"center center","background-size":"auto","background-attachment":"scroll","background-type":"","background-media":"","overlay-type":"","overlay-color":"","overlay-opacity":"","overlay-gradient":""},"mobile":{"background-color":"var(--ast-global-color-5)","background-image":"","background-repeat":"repeat","background-position":"center center","background-size":"auto","background-attachment":"scroll","background-type":"","background-media":"","overlay-type":"","overlay-color":"","overlay-opacity":"","overlay-gradient":""}},"footnotes":""},"class_list":["post-548","page","type-page","status-publish","hentry"],"yoast_head":"<!-- This site is optimized with the Yoast SEO plugin v27.4 - https:\/\/yoast.com\/product\/yoast-seo-wordpress\/ -->\n<title>A propos - BriBri Store<\/title>\n<meta name=\"robots\" content=\"index, follow, max-snippet:-1, max-image-preview:large, max-video-preview:-1\" \/>\n<link rel=\"canonical\" href=\"https:\/\/bribristore.com\/?page_id=548\" \/>\n<meta property=\"og:locale\" content=\"fr_FR\" \/>\n<meta property=\"og:type\" content=\"article\" \/>\n<meta property=\"og:title\" content=\"A propos - BriBri Store\" \/>\n<meta property=\"og:description\" content=\"\u00e0 propos BRIBRI \u2013 Entre tradition et cr\u00e9ation Notre Histoire Nos d\u00e9buts ont \u00e9t\u00e9 marqu\u00e9s par une vision simple mais [&hellip;]\" \/>\n<meta property=\"og:url\" content=\"https:\/\/bribristore.com\/?page_id=548\" \/>\n<meta property=\"og:site_name\" content=\"BriBri Store\" \/>\n<meta property=\"article:publisher\" content=\"https:\/\/www.facebook.com\/bribritunisia\" \/>\n<meta property=\"article:modified_time\" content=\"2026-02-25T01:55:09+00:00\" \/>\n<meta name=\"twitter:card\" content=\"summary_large_image\" \/>\n<script type=\"application\/ld+json\" class=\"yoast-schema-graph\">{\"@context\":\"https:\\\/\\\/schema.org\",\"@graph\":[{\"@type\":\"WebPage\",\"@id\":\"https:\\\/\\\/bribristore.com\\\/?page_id=548\",\"url\":\"https:\\\/\\\/bribristore.com\\\/?page_id=548\",\"name\":\"A propos - BriBri Store\",\"isPartOf\":{\"@id\":\"https:\\\/\\\/bribristore.com\\\/#website\"},\"datePublished\":\"2026-01-18T11:59:34+00:00\",\"dateModified\":\"2026-02-25T01:55:09+00:00\",\"breadcrumb\":{\"@id\":\"https:\\\/\\\/bribristore.com\\\/?page_id=548#breadcrumb\"},\"inLanguage\":\"fr-FR\",\"potentialAction\":[{\"@type\":\"ReadAction\",\"target\":[\"https:\\\/\\\/bribristore.com\\\/?page_id=548\"]}]},{\"@type\":\"BreadcrumbList\",\"@id\":\"https:\\\/\\\/bribristore.com\\\/?page_id=548#breadcrumb\",\"itemListElement\":[{\"@type\":\"ListItem\",\"position\":1,\"name\":\"Accueil\",\"item\":\"https:\\\/\\\/bribristore.com\\\/\"},{\"@type\":\"ListItem\",\"position\":2,\"name\":\"A propos\"}]},{\"@type\":\"WebSite\",\"@id\":\"https:\\\/\\\/bribristore.com\\\/#website\",\"url\":\"https:\\\/\\\/bribristore.com\\\/\",\"name\":\"BriBri Store\",\"description\":\"Une Marque de resistance\",\"publisher\":{\"@id\":\"https:\\\/\\\/bribristore.com\\\/#organization\"},\"potentialAction\":[{\"@type\":\"SearchAction\",\"target\":{\"@type\":\"EntryPoint\",\"urlTemplate\":\"https:\\\/\\\/bribristore.com\\\/?s={search_term_string}\"},\"query-input\":{\"@type\":\"PropertyValueSpecification\",\"valueRequired\":true,\"valueName\":\"search_term_string\"}}],\"inLanguage\":\"fr-FR\"},{\"@type\":\"Organization\",\"@id\":\"https:\\\/\\\/bribristore.com\\\/#organization\",\"name\":\"BriBri Store\",\"url\":\"https:\\\/\\\/bribristore.com\\\/\",\"logo\":{\"@type\":\"ImageObject\",\"inLanguage\":\"fr-FR\",\"@id\":\"https:\\\/\\\/bribristore.com\\\/#\\\/schema\\\/logo\\\/image\\\/\",\"url\":\"https:\\\/\\\/bribristore.com\\\/wp-content\\\/uploads\\\/2026\\\/01\\\/cropped-LOGO1-17.png\",\"contentUrl\":\"https:\\\/\\\/bribristore.com\\\/wp-content\\\/uploads\\\/2026\\\/01\\\/cropped-LOGO1-17.png\",\"width\":1553,\"height\":698,\"caption\":\"BriBri Store\"},\"image\":{\"@id\":\"https:\\\/\\\/bribristore.com\\\/#\\\/schema\\\/logo\\\/image\\\/\"},\"sameAs\":[\"https:\\\/\\\/www.facebook.com\\\/bribritunisia\",\"https:\\\/\\\/www.instagram.com\\\/bribritun\\\/\"]}]}<\/script>\n<!-- \/ Yoast SEO plugin. -->","yoast_head_json":{"title":"A propos - BriBri Store","robots":{"index":"index","follow":"follow","max-snippet":"max-snippet:-1","max-image-preview":"max-image-preview:large","max-video-preview":"max-video-preview:-1"},"canonical":"https:\/\/bribristore.com\/?page_id=548","og_locale":"fr_FR","og_type":"article","og_title":"A propos - BriBri Store","og_description":"\u00e0 propos BRIBRI \u2013 Entre tradition et cr\u00e9ation Notre Histoire Nos d\u00e9buts ont \u00e9t\u00e9 marqu\u00e9s par une vision simple mais [&hellip;]","og_url":"https:\/\/bribristore.com\/?page_id=548","og_site_name":"BriBri Store","article_publisher":"https:\/\/www.facebook.com\/bribritunisia","article_modified_time":"2026-02-25T01:55:09+00:00","twitter_card":"summary_large_image","schema":{"@context":"https:\/\/schema.org","@graph":[{"@type":"WebPage","@id":"https:\/\/bribristore.com\/?page_id=548","url":"https:\/\/bribristore.com\/?page_id=548","name":"A propos - BriBri Store","isPartOf":{"@id":"https:\/\/bribristore.com\/#website"},"datePublished":"2026-01-18T11:59:34+00:00","dateModified":"2026-02-25T01:55:09+00:00","breadcrumb":{"@id":"https:\/\/bribristore.com\/?page_id=548#breadcrumb"},"inLanguage":"fr-FR","potentialAction":[{"@type":"ReadAction","target":["https:\/\/bribristore.com\/?page_id=548"]}]},{"@type":"BreadcrumbList","@id":"https:\/\/bribristore.com\/?page_id=548#breadcrumb","itemListElement":[{"@type":"ListItem","position":1,"name":"Accueil","item":"https:\/\/bribristore.com\/"},{"@type":"ListItem","position":2,"name":"A propos"}]},{"@type":"WebSite","@id":"https:\/\/bribristore.com\/#website","url":"https:\/\/bribristore.com\/","name":"BriBri Store","description":"Une Marque de resistance","publisher":{"@id":"https:\/\/bribristore.com\/#organization"},"potentialAction":[{"@type":"SearchAction","target":{"@type":"EntryPoint","urlTemplate":"https:\/\/bribristore.com\/?s={search_term_string}"},"query-input":{"@type":"PropertyValueSpecification","valueRequired":true,"valueName":"search_term_string"}}],"inLanguage":"fr-FR"},{"@type":"Organization","@id":"https:\/\/bribristore.com\/#organization","name":"BriBri Store","url":"https:\/\/bribristore.com\/","logo":{"@type":"ImageObject","inLanguage":"fr-FR","@id":"https:\/\/bribristore.com\/#\/schema\/logo\/image\/","url":"https:\/\/bribristore.com\/wp-content\/uploads\/2026\/01\/cropped-LOGO1-17.png","contentUrl":"https:\/\/bribristore.com\/wp-content\/uploads\/2026\/01\/cropped-LOGO1-17.png","width":1553,"height":698,"caption":"BriBri Store"},"image":{"@id":"https:\/\/bribristore.com\/#\/schema\/logo\/image\/"},"sameAs":["https:\/\/www.facebook.com\/bribritunisia","https:\/\/www.instagram.com\/bribritun\/"]}]}},"_links":{"self":[{"href":"https:\/\/bribristore.com\/index.php?rest_route=\/wp\/v2\/pages\/548","targetHints":{"allow":["GET"]}}],"collection":[{"href":"https:\/\/bribristore.com\/index.php?rest_route=\/wp\/v2\/pages"}],"about":[{"href":"https:\/\/bribristore.com\/index.php?rest_route=\/wp\/v2\/types\/page"}],"author":[{"embeddable":true,"href":"https:\/\/bribristore.com\/index.php?rest_route=\/wp\/v2\/users\/1"}],"replies":[{"embeddable":true,"href":"https:\/\/bribristore.com\/index.php?rest_route=%2Fwp%2Fv2%2Fcomments&post=548"}],"version-history":[{"count":13,"href":"https:\/\/bribristore.com\/index.php?rest_route=\/wp\/v2\/pages\/548\/revisions"}],"predecessor-version":[{"id":1088,"href":"https:\/\/bribristore.com\/index.php?rest_route=\/wp\/v2\/pages\/548\/revisions\/1088"}],"wp:attachment":[{"href":"https:\/\/bribristore.com\/index.php?rest_route=%2Fwp%2Fv2%2Fmedia&parent=548"}],"curies":[{"name":"wp","href":"https:\/\/api.w.org\/{rel}","templated":true}]}}